{"id":279,"date":"2024-02-03T11:21:20","date_gmt":"2024-02-03T11:21:20","guid":{"rendered":"https:\/\/tobbakistan.com\/?post_type=product&#038;p=279"},"modified":"2024-10-25T13:12:04","modified_gmt":"2024-10-25T13:12:04","slug":"captain-black-cherry","status":"publish","type":"product","link":"https:\/\/tobbakistan.com\/index.php\/urun\/captain-black-cherry\/","title":{"rendered":"CAPTA\u0130N BLACK CHERRY"},"content":{"rendered":"<p>\u0130NCE PURO 5 L\u0130<\/p>\n","protected":false},"excerpt":{"rendered":"<p>\u0130NCE PURO 5 L\u0130<\/p>\n","protected":false},"featured_media":280,"comment_status":"open","ping_status":"closed","template":"","meta":{"_kad_post_transparent":"default","_kad_post_title":"","_kad_post_layout":"default","_kad_post_sidebar_id":"","_kad_post_content_style":"default","_kad_post_vertical_padding":"default","_kad_post_feature":"","_kad_post_feature_position":"","_kad_post_header":false,"_kad_post_footer":false},"product_cat":[15,25,22],"product_tag":[],"class_list":{"0":"post-279","1":"product","2":"type-product","3":"status-publish","4":"has-post-thumbnail","6":"product_cat-genel","7":"product_cat-puro-cesitleri","8":"product_cat-purolar","10":"first","11":"instock","12":"sale","13":"featured","14":"shipping-taxable","15":"purchasable","16":"product-type-simple","17":"entry","18":"content-bg","19":"loop-entry"},"_links":{"self":[{"href":"https:\/\/tobbakistan.com\/index.php\/wp-json\/wp\/v2\/product\/279","targetHints":{"allow":["GET"]}}],"collection":[{"href":"https:\/\/tobbakistan.com\/index.php\/wp-json\/wp\/v2\/product"}],"about":[{"href":"https:\/\/tobbakistan.com\/index.php\/wp-json\/wp\/v2\/types\/product"}],"replies":[{"embeddable":true,"href":"https:\/\/tobbakistan.com\/index.php\/wp-json\/wp\/v2\/comments?post=279"}],"wp:featuredmedia":[{"embeddable":true,"href":"https:\/\/tobbakistan.com\/index.php\/wp-json\/wp\/v2\/media\/280"}],"wp:attachment":[{"href":"https:\/\/tobbakistan.com\/index.php\/wp-json\/wp\/v2\/media?parent=279"}],"wp:term":[{"taxonomy":"product_cat","embeddable":true,"href":"https:\/\/tobbakistan.com\/index.php\/wp-json\/wp\/v2\/product_cat?post=279"},{"taxonomy":"product_tag","embeddable":true,"href":"https:\/\/tobbakistan.com\/index.php\/wp-json\/wp\/v2\/product_tag?post=279"}],"curies":[{"name":"wp","href":"https:\/\/api.w.org\/{rel}","templated":true}]}}